-107 - (57 + -74)?
-80
Evaluate -51 - ((-21 + 55 - 44) + -98).
57
What is the value of 6 - (-58 + 104) - (-1 + 13)?
-52
Evaluate -72 + 66 + (1 - -5) - (-118 + -14 + 10).
122
Evaluate 20 + (-3 - 4) - (15 + 92 + -8 + -14).
-72
(43 - 19 - 0) + 0 + -49
-25
What is the value of -119 - (-75 + 77 + -142)?
21
What is -14 + -124 + (-1 - -17) + (12 - (3 + -3))?
-110
Evaluate (2 - 109) + 5 + -23 + (-29 - -27).
-127
Calculate -1 + 48 - (223 - (-88 + 339)).
75
What is the value of (-4 - (-45 - 2)) + 4338 + -4452?
-71
Evaluate -41 + -8 + -11 + 28 + (2 - -2).
-28
Evaluate -64 + 43 + -76 + -16 + -1 + 5.
-109
Calculate (16 - (-10 + 23)) + -3 + 45.
45
Calculate (-58 - -66) + (-44 - 2) + -56.
-94
Evaluate 41 - ((-44 - -2) + -29) - 4.
108
What is (-34 - 0) + (-16 - -41) + (-9 - 8)?
-26
-96 + 66 - (-2 - -7) - (-10 - 0)
-25
What is the value of -2 - (-15 + 31) - -35 - 52?
-35
What is the value of 53 - (62 + -49) - 80?
-40
-2154 - -2204 - (120 - -1)
-71
Evaluate 25 + -9 - (-106 - -79).
43
Evaluate -150 + 181 + (-31 - -1) - (0 + 83).
-82
Calculate 182 - (3 - 14) - 130.
63
What is 32 + (9 + -14 - 41)?
-14
27 + -24 + -8 - 13 - -54
36
What is (-25 - -24 - -7 - -38) + -13?
31
Calculate (-67 - (129 + -162)) + 61 + -2.
25
2 + 12 - (6 + -8) - (-10 + 111)
-85
Evaluate -2 - (-5 + -5) - -12 - -22.
42
-35 + -2 + 2 + (48 + -27 - 10) + -13
-37
What is -39 + 21 - 30 - -45?
-3
(-424 - (-142 - 302)) + (-67 - 1 - -1)
-47
What is the value of -11 + 2 + 7 - (254 - 293)?
37
Evaluate -15 + 13 + (-1 - 39 - (6 - 4)).
-44
(-11 + 10 - (-10 + 12 - (6 + -105))) + 8
-94
Evaluate -23 + (12 - 25 - (-1 + 4 + -24)).
-15
What is -19 - (-35 + (-8 - -8) - -35)?
-19
What is 37 + -8 + -2 + 13 + -5 + -3?
32
(-7268 - -7340) + (1 - 15)
58
Calculate 1 + -3 - -3 - 11 - (109 + -72 - 23).
-24
(76 + -31 - 44) + -60
-59
What is 7 + (-2 - -4) + (-9 + -6 - -2)?
-4
-166 - (-7 - 5 - 45)
-109
-1 + 6 + -2 - (187 - 283 - (-25 + 1))
75
62 + 3 + -2 + (1 - (-31 - (-9 - 26)))
60
What is the value of 16 + -15 - -4 - (-5 + (81 - (5 - 4)))?
-70
Evaluate (-44 - -14) + 13 + 0 + 14 + -83.
-86
Evaluate -16 - (-189 - (-13 + -107)).
53
15 - ((-25 - 7 - -19) + 15 + -3)
16
Evaluate (311 - 291 - (13 + -1)) + -18.
-10
What is 41 + -1 - (18 + 102 - 120)?
40
(2 - -27) + (-128 - -2) + 117
20
What is the value of -10 + -66 + 38 + 69 - 103?
-72
What is the value of 16 + (-17 + (4 - -16) - 57) - 5?
-43
Calculate -1 + 53 + (11 - (36 - 18)).
45
What is 12 + 0 + 0 - 9 - (11 + -52)?
44
What is 0 - 164 - (2215 + -2296)?
-83
Evaluate -121 + 8 - (102 - 180).
-35
What is -96 - (7 - (13 + 8 + -18) - (-20 - -15))?
-105
What is -68 - (104 + -78 + -17)?
-77
What is 5 + (5 - 16) - -20 - (5 + -14 - -2)?
21
(-7 - -9 - -1) + -12 + 21
12
Evaluate 9 + 25 - (1 + 0) - (5338 + -5321).
16
Evaluate 40 - ((45 - -67) + -6).
-66
Calculate 32 + -51 + 25 + -21.
-15
-140 + 29 + (-11 - -82)
-40
Evaluate 28 + -52 + 69 - (30 + -10).
25
What is (11 - (-6 - -10 - 7) - 16) + (1 - -9)?
8
Evaluate 36 + 7 + -3 + (14 + (0 - 3) - 4).
47
Calculate -19 - ((-2 - -82) + -90).
-9
What is (-1095 + 1117 - (4 + 0)) + 1 + 18?
37
What is (-18 - -2) + 3 + (-13 - 7)?
-33
Calculate -39 + -1 + -14 + (-7 + -32 + 17 - -23).
-53
What is the value of (28 - (7 - (-17 - -15))) + -4 - 43?
-28
What is the value of 103 + -90 + ((-5 - 5) + 8 - -62)?
73
Calculate (1 + -20 - (-5 - (0 + -2))) + -27.
-43
Evaluate 24 + -12 - ((-31 - (-11 - 2)) + -27).
57
2 + -12 - (13 + 31 + -35 - 4)
-15
Evaluate -40 - (9 + 18 + -37).
-30
Evaluate (26 - -8 - (-26 + 12 - -14)) + (11 - 1).
44
(30 - 27) + -45 + 0 + -2 + (24 - 19)
-39
What is 0 + (-1 + (-11 - -11) - -9 - 40 - -10)?
-22
What is the value of 1 + 88 - (-21 + -6 + (258 - 218))?
76
Calculate (10 - -6 - -8 - (9 - -2)) + -1.
12
What is 14 + -15 + 30 + -36 + 20?
13
Evaluate (-1 - -32) + (-13 - (115 + -170)).
73
19 - ((13 - 2) + (-14 - -74) + -33)
-19
Evaluate 35 - -1 - (-2439 - -2422).
53
Evaluate (-6 - (-20 - -41)) + 13 + (61 - -11).
58
Calculate 80 - (-7 - ((23 - 0 - 15) + -18 + -2)).
75
What is (-702 - -549) + -1 + 78?
-76
Evaluate (-90 + 104 - -122) + -214.
-78
(-1 - -1 - 21) + (40 - 88 - -37)
-32
Calculate -2 + -29 + 17 + 7 + -40.
-47
Evaluate -19 + -1 + -24 + 39 - -52.
47
8 + -1 - (-210 - -167) - 26
24
What is 11 + 0 + -5 - ((518 - 509) + -65 + -1)?
63
Calculate (49 - (-2 + 50)) + 3 + -13.
-9
39 - ((-21 - -139) + -35)
-44
(49 - 17) + -39 - 28
-35
28 + -3 - 20 - 34 - 65
-94
Calculate (164 - 146) + (35 - 0) - 8.
45
(8 + -16 + 35 + -18 - 7) + 12 + 0
14
What is 69 - (143 + -115) - 77?
-36
0 + 44 - (-1 + -114 + 61)
98
What is the value of -39 - (37 - 55 - (6 - 10))?
-25
Calculate (27 - (25 + 20)) + 84 + -8.
58
Evaluate -12 + (-3 - 56 - -70).
-1
Evaluate -10 + (-259 + 216 - (8 + -63)).
2
Evaluate ((11 - (1 - -7)) + (9 - 2) - 109) + -5.
-104
What is the value of 136 - 0 - (15 + -13 + (-18 - -27) + -9)?
134
What is -46 - -3 - (132 - (265 + -142))?
-52
-84 + -81 + 125 + 30
-10
Calculate (-2 + 1 - 10) + (-59 - -86) + -22.
-6
What is the value of (-13 - 124) + 70 + 73?
6
What is 5 - (-3 - 3) - (-72 - (-19 + 64))?
128
What is the value of ((-5 - (5 - 4)) + 23 + -12 - -8) + 53?
66
What is -63 - ((-11 - 37) + (-5 - -33))?
-43
36 - ((25 - -17) + -44) - 69
-31
What is -88 - (33 - (36 - 18) - 30)?
-73
Calculate (-59 - -9) + -3 + 0 + (-75 - -72).
-56
What is -55 + (3 - -110) + -73?
-15
What is the value of -8 + 2 + 2 + 7 + -12 + -4?
-13
Calculate 2 - (38 - 81) - 27.
18
Calculate 35 - (-10 + (1 - (-6 + -3)) + (-8 - 1)).
44
Evaluate 4 - 83 - (31 + -83 - -30).
-57
312 + -309 - (-3 + 11 + -3)
-2
Evaluate 65 - (180 - 37) - -82.
4
Calculate -47 + -2 - (-13 - -28 - 13).
-51
Calculate -103 + (35 - 33 - -42).
-59
(-1 - (5 - (8 - (-14 + 11))) - -8) + -75
-62
What is -81 + 34 + -11 + 31?
-27
-25 + 11 - (-71 - (41 - 30))
68
Evaluate 14 + -71 - (-138 - -136).
-55
Evaluate 103 + -13 + 3 + (1 - (8 - 5)).
91
-47 + 42 - (33 + 20 + 5 + -1 + -3)
-59
What is the value of 51 - 33 - (33 + -14 + -149)?
148
What is the value of (34 + 7 - 10) + (-7 - (-13 - -16))?
21
Calculate 54 + (46 - 8 - 42).
50
51 + 8 + -1 - (1 - -4) - 18
35
What is the value of 23 + 1 - (-8 - 14 - -30) - 5 - 51?
-40
Calculate -2 + (-1 - 0) + 18 + -14 - (-82 - -11).
72
What is the value of (-11 - (-27 + 19)) + (1 - 1) - (-59 - 11)?
67
What is -108 + 39 + 99 - 59?
-29
Calculate -14 + (65 - (12 - (-14 + (9 - -13)))).
47
Calculate (-532 - (-1001 + 430)) + -3 + 0 + -1.
35
(-8 - -3) + -65 + 92 + -23 + 2 + -61
-60
What is (-173 - (113 - 172)) + 120?
6
Calculate (115 - (-4 + 22 + -9)) + -24 + -33 + 50.
99
Evaluate 27 + (3 - (-3 + 10) - (-4 + -9 + 10)).
26
What is the value of 53 - (-1 + 5 - (5 + 10 + -6 + -3))?
55
29 + -159 + 61 - -143
74
What is the value of 58 + 42 + (5 - (2 + 3 + (-6 - 2)))?
108
What is (83 + (4 - 12) - (-1 + 12)) + -11?
53
-15 - ((25 - 37) + 17)
-20
What is the value of -18 + 2 + 0 + 21 + (-15 - -39 - -105)?
134
90 + (-83 - (88 + -58))
-23
Evaluate (-125 - -156) + -25 + (1 - 107).
-100
What is -138 - (57 - (208 - 88))?
-75
What is 85 - 1 - (4962 + -4804)?
-74
Evaluate 45 + 4 + -39 + -15.
-5
Calculate (-136 - (-94 + 22)) + -5.
-69
What is (-3 - (4 + (-23 - -45))) + -24?
-53
-64 + (91 + 5 - 56)
-24
-1 + 0 - -59 - (-1378 + 1394)
42
What is 85 + (781 + -803 - ((2 - 9) + (1 - 5)))?
74
What is 12 - (14 - (5 + -9 + -5 - -10) - 6)?
5
Calculate 5 - (46 + -7 + -13 - 12 - -6).
-15
Evaluate (-13 - (1 + 1)) + 0 + 3 + 7 - 30.
-35
Evaluate -36 - (-36 + 22) - -17 - -18.
13
39 + -55 + -52 + -5 + 2 + 13 + 4
-54
-3 - 21 - (44 + -22 + 1)
-47
2 + -21 + -35 + -56 + 173
63
Evaluate 15 + (59 - (100 + -21)).
-5
Calculate 0 + (36 - 0) - (75 + -75) - 0.
36
(-173 - (22 - 196)) + -1 + 57 + (-3 - -1)
55
(63 - (-11 + -34)) + -39
69
(-41 - -6) + 12 - (0 - 23)
0
Evaluate (0 - 46) + (31 - (-14 + 25)) + 18 + -24.
-32
Calculate -22 - -6 - 93 - (-4 - 3).
-102
Calculate (1 - 13) + (317 - 341) + 63.
27
What is -126 - (-34 - 29) - -49?
-14
Calculate -5 - ((-3 - (-7 + -6 + 24)) + 12).
-3
-5 + 2 - (101 - 94) - (16 + 72)
-98
What is the value of 15 + (125 - 84 - -6)?
62
What is -27 + 122 - 83 - (5 + (-5 - -3))?
9
-194 + 119 + 12 + 52
-11
What is the value of -226 + 271 + (-2 - 48)?
-5
Evaluate 2 + 87 + 3169 + -3168.
90
-11 + (22 - (6 - -11)) + 35
29
What is the value of -92 + (-5 - (-17 - -5)) - -4 - (17 - 16)?
-82
What is 46 - 7 - 17 - 28?
-6
66 - (-49 + 43 